 factors of (0 + (2 - a))*(-6)/4?
2, 3, 5, 7
Let i be (45/(-6))/(-5)*-414. Let k = i + 1013. Suppose -7*j + 14*j - k = 0. List the prime factors of j.
2, 7
Let w(h) = -5*h**2 + h + 6. Let r be w(2). Let y(a) = -2*a - 8 - 10*a + 4*a. What are the prime factors of y(r)?
2, 11
Let w(z) = 155*z - 58. Suppose -2*s + 2 = 3*t, 2*t - 36*s + 31*s = 33. What are the prime factors of w(t)?
2, 281
Let v(s) = 2*s**3 - 227*s**2 + 239*s - 118. What are the prime factors of v(114)?
2, 7, 1433
Suppose 3*g + 17621 = 5723. List the prime factors of (g/21)/(((-60)/35)/6).
661
Let y be (16/6)/((-800)/396 - -2). Suppose -3*h + 669 = -3*c, h + c = -c + 217. Let b = y + h. List the prime factors of b.
89
Let n(v) = -v**3 + 73*v**2 + 23*v + 1000. List the prime factors of n(70).
2, 3, 5, 577
Suppose 5*z - 1 - 4 = -3*n, -5*z = -4*n - 40. Suppose 3*c = -c + z. Suppose -4*j = -4*i, c = -5*i - j + 19. What are the prime factors of i?
3
Let r(d) = 329*d**2 - 7. Let c be r(2). Suppose -c = -9*j + 3785. List the prime factors of j.
2, 283
Let d be (-14)/(-1) - (-6)/6. Suppose 5*z + 4*y + 12 + 40 = 0, -3*y + d = -3*z. What are the prime factors of (-21)/(z/((-240)/(-9)))?
2, 5, 7
Let c be 49/(-1 - (-6)/5). Let w(m) = m**2 + m + 8. Let l be w(-4). Suppose -5*a + l = -5, -2*x = a - c. What are the prime factors of x?
2, 3, 5
Suppose 5*o + 940 = -0*o. Let d = 339 + o. Suppose -224 - d = -5*r. List the prime factors of r.
3, 5
Suppose -305*s + 196*s = -1148751. List the prime factors of s.
3, 1171
Let w = 115 + -117. What are the prime factors of w/2*-203*(-20)/(-70)?
2, 29
Let b(i) = -3*i - 11*i + 11*i + 71. Let j be b(23). Suppose n - 4*z - 274 = -j*z, n - 280 = 4*z. List the prime factors of n.
2, 67
Suppose -5*f = -a - 193, 0*f = -5*a - 3*f - 1077. Let c = -78 - a. List the prime factors of c.
3, 5
Let z(r) = -4*r**3 + r + 4. Let q be z(-2). Suppose -4*b = -q + 6. List the prime factors of b/(70/(-12))*-65.
2, 3, 13
Let n be 255 - 1*(-9)/3. Suppose 4*t - 306 = n. Suppose 233 = 3*g - 4*r, 3*g + 5*r - 47 = t. What are the prime factors of g?
71
Let q(h) = -7*h + 7 - 7*h - h - 45*h. List the prime factors of q(-5).
307
Let s = -13 - -49. Let c = s - -64. Let y = c + -49. What are the prime factors of y?
3, 17
Let b(f) = f + 231*f**2 - 58*f**2 + f. Let k be b(1). Let g = 253 - k. List the prime factors of g.
2, 3, 13
Let y(s) = -9*s - 23. Let m be y(-14). Let o = m + -223. Let w = 217 + o. List the prime factors of w.
97
What are the prime factors of ((-44)/(-36) - 1) + (-1922868)/(-324)?
5, 1187
Let q = -615 - -252. Let g = q - -751. List the prime factors of g.
2, 97
Let o be 6/4*(360 - -2). Suppose -5*c - 3*m - 1545 = 0, 5*c + 116*m + 1555 = 115*m. Let x = o + c. List the prime factors of x.
3, 7, 11
What are the prime factors of 24956 - ((-130)/(-325) + (-13)/(-5))?
24953
Suppose -953 - 1327 = -3*y. Suppose 3*f + 8*p - 5*p = 429, 5*f = 4*p + y. What are the prime factors of f?
2, 37
Let i be ((-1557)/(-12))/((-33)/(-220)). Suppose i = 6*m - 1163. What are the prime factors of m?
2, 13
Suppose 10 = -3*c + 4. Let s(a) = a + 3*a - 6 - 7*a + 4*a**2 + 14*a**2. List the prime factors of s(c).
2, 3
Suppose -4*x = -2*w + 20, 6*w - 5*x = 5*w + 25. What are the prime factors of (-347)/(-1) - (w + -2 + 3)?
2, 173
Suppose -549*y = -570*y + 364875. List the prime factors of y.
5, 139
Let z be -1*(-5)/(4 + 1). Let t be (z + 6/(-4))/(39/(-624)). List the prime factors of -12 + 9 + 11*t.
5, 17
Suppose -27*b = -26*b + 75. Suppose -2*k = 4*y + 268, 2*y - 4*k - k = -158. Let s = y - b. List the prime factors of s.
2, 3
Let b be (2/4)/((-5)/(16500/(-5))). Let v = b + -161. List the prime factors of v.
13
Let p(b) = 0 + 5 + 10*b + 4*b + 3*b + b**2 - 16*b. Suppose -2*o = 4*h + 28, 2*o + o + h + 27 = 0. What are the prime factors of p(o)?
61
Suppose 4*o + 2*h = -0*h + 10, 3*o - 7 = -2*h. Suppose -o*i = -5*t + 25, 2*t - 4 = -5*i + 6. List the prime factors of (0 + 19)/(i - -1) + 2.
3, 7
Let n be 0*3/9 + -140. Let p = 120 + n. Let j(y) = y**2 + 6*y - 12. What are the prime factors of j(p)?
2, 67
What are the prime factors of (-21 - (15 - 61310))/2?
30637
Let y = 159297 - 97125. What are the prime factors of y?
2, 3, 11, 157
Let s(d) = d**3 + 6*d**2 + 3*d - 8. Let i be s(-5). Let o be 4 - ((-18)/4)/(i/(-4)). What are the prime factors of (162/o)/(14/(-70))?
2, 3
Suppose 0 = 22*r + 19673 - 79579. Suppose -4*i = 20, -4*w + 2*i + r = -2243. What are the prime factors of w?
3, 7, 59
Suppose 3*f - 1095 = -5*u, 0 = -2*u + 3*f - 130 + 568. Let r = 678 - u. List the prime factors of r.
3, 17
Let u(d) = 268*d**2 + d - 40. What are the prime factors of u(8)?
2, 5, 107
Suppose -3*m + 18374 = 4*g - 0*g, -5*g = 7*m - 22948. What are the prime factors of g?
2, 11, 19
Suppose 3*a - 23 = 67. Let d be (-20)/2*15/a. List the prime factors of ((-202)/d)/((-18)/(-45)).
101
Suppose -4*p - 5*c = -91887, -29*p + 91838 = -25*p - 2*c. What are the prime factors of p?
22963
Let g be (-4)/8*14 + (-6)/2. Suppose -4*c + 6*i = 11*i - 15, -12 = 3*c - 4*i. What are the prime factors of (c - (-24)/g)*(-2860)/39?
2, 11
Suppose 3*v - 22*p + 23 = -24*p, -p + 1 = -v. What are the prime factors of v/(30/(-5214)) - -5?
2, 19, 23
Suppose 34 = -8*g - 6. Let u(t) = t + 7. Let b be u(g). List the prime factors of (((-8)/12)/1)/(b/(-18)).
2, 3
Suppose 260*f = 246*f + 119308. List the prime factors of f.
2, 4261
Let d(z) be the third derivative of z**6/120 - 7*z**5/60 + z**4/4 - 3*z**3/2 + z**2 + 5. Let v be d(6). What are the prime factors of (v - 1)*5/(5/(-26))?
2, 5, 13
Suppose -2*a + 4*n + 20 = 0, 2*a + n + 8 = -2*n. Suppose -5*r + 4*l + 276 = -1032, -a*r = 3*l - 537. List the prime factors of r.
2, 3, 11
Let l be (2 + -12)*(-6)/(-5). Let x(n) = 2*n**2 + 18*n - 61 + 13 + 20 + n**2. List the prime factors of x(l).
2, 47
Let w be 1 + 1 + -12*1. Let i be 12/w*405/(-54). Suppose -392 = i*c - 1418. What are the prime factors of c?
2, 3, 19
Suppose 0 = -2*c + 2 + 2. Let x(a) = 2*a**2 - 3*a + 1. Let s be x(c). Suppose q = -5*g + 123, -2*q - s*q + 87 = 3*g. What are the prime factors of g?
2, 3
Let v be (9/(-15) + 1)*-10. Let c be (-30)/v*((-100)/(-3) + 0). Suppose 30*a - 35*a = -c. What are the prime factors of a?
2, 5
Let u(s) = 37*s**2 - 14*s + 217. What are the prime factors of u(22)?
3, 5939
What are the prime factors of 4/(-1)*(-2)/(16/33164)?
2, 8291
Suppose -2*t - 5*s - 60 = 0, -14 - 16 = t - 4*s. Let m = t - -28. Let z(u) = -9*u**3 + u**2 + 4*u + 3. What are the prime factors of z(m)?
71
Suppose 0 = 4*u - 5*y - 5501, -3*u + 4127 = 4*y - 8*y. List the prime factors of u.
37
Let m(t) = 90*t**2 + 172*t + 2812. What are the prime factors of m(-16)?
2, 3, 5, 7, 11
Suppose 5*w + 4*b - 38 - 27 = 0, -2*b + 10 = 0. Suppose -w*t = -10*t - 156. Let u = 242 + t. What are the prime factors of u?
2, 43
Let x(m) be the first derivative of 85*m**3 + 3*m**2 - 5*m - 91. List the prime factors of x(1).
2
Suppose -22*o = -5*r - 18*o + 1486, -2*o - 8 = 0. Let n = 694 - r. What are the prime factors of n?
2, 5
Let h = 537 + -530. Suppose -h*i - 9648 = -31*i. What are the prime factors of i?
2, 3, 67
Suppose 3*d + 390 = 29*d. Suppose -1213 = -4*j + q, -11*j + d*j = 5*q + 1217. What are the prime factors of j?
3, 101
Let i(o) be the third derivative of 37*o**5/60 - o**4/12 + 7*o**3/3 + 13*o**2. What are the prime factors of i(5)?
929
Let o be (-10)/(-45) - ((-2012)/18 + -1). Let u = 277 + o. Suppose h + 4*h - u = 0. What are the prime factors of h?
2, 3, 13
Suppose 0 = -13*b + 3*b - 20. List the prime factors of 306 - 3 - (-3 - (b + 4)).
2, 7, 11
Suppose -8*s + 3*s - t = -46, 0 = 4*t - 4. What are the prime factors of (267 + -1 - (10 - s)) + 1?
2, 7, 19
Suppose i = -2*d + 21, 3 = 2*d - 4*i - 3. Suppose -d*z + 6*z = 0. Suppose -5*r + z*r = -250. What are the prime factors of r?
2, 5
Suppose j = 4, -3*t + 718*j + 29720 = 717*j. List the prime factors of t.
2, 2477
Suppose -10*o - 147 = 11*o. Let q(u) = -53*u - 22. List the prime factors of q(o).
349
Suppose -b + 345 = 4*p + 87, 4*p + 516 = 2*b. Suppose 2*s + 6 = 4*l, -5*s + 4*l - l = -13. Suppose s*r - 645 = -i, 2*i = r + r - b. List the prime factors of r.
3, 43
Suppose -3*u + 33*d = 35*d - 65074, u - 21674 = -5*d. List the prime factors of u.
2, 10847
Suppose 0 = -10*p - 22880 + 55460. Suppose -1134 = 4*w - p